{"id":3280,"date":"2026-03-27T15:08:53","date_gmt":"2026-03-27T14:08:53","guid":{"rendered":"https:\/\/dodecaphonia.fr\/?page_id=3280"},"modified":"2026-03-27T15:29:16","modified_gmt":"2026-03-27T14:29:16","slug":"rejoindre-le-choeur","status":"publish","type":"page","link":"https:\/\/dodecaphonia.fr\/index.php\/rejoindre-le-choeur\/","title":{"rendered":"Rejoindre le ch\u0153ur"},"content":{"rendered":"\n<p>Notre ch\u0153ur accueille en son sein toute personne motiv\u00e9e et d\u00e9sireuse de s\u2019investir dans le chant.<\/p>\n\n\n\n<p>La cotisation annuelle est de 160 euros (260 euros pour un couple)<\/p>\n\n\n\n<p>Les r\u00e9p\u00e9titions hebdomadaires ont lieu de 20 heures \u00e0 22 heures 30, le jeudi sous la direction de Vincent de Meester.<br>Elles d\u00e9butent par une s\u00e9ance d&rsquo;\u00e9chauffement obligatoire.<br>Il n&rsquo;y a pas de r\u00e9p\u00e9titions pendant les vacances scolaires.<\/p>\n\n\n\n<p>Lieu des r\u00e9p\u00e9titions : d&rsquo;octobre \u00e0 fin mars dans la salle du Barriot.<br>A partir du mois d&rsquo;avril, dans l&rsquo;\u00e9glise Saint-Claude.<\/p>\n\n\n\n<p><em>L<\/em>es choristes ne sont pas forc\u00e9ment\u00a0lecteurs\u00a0de la musique, mais il est demand\u00e9\u00a0\u00e0 chacun un travail personnel r\u00e9gulier, entre les r\u00e9p\u00e9titions. <br>Des tutoriels sont syst\u00e9matiquement mis \u00e0 disposition des choristes non solf\u00e9gistes.<br><\/p>\n\n\n\n<p>Nous nous tenons  \u00e0 votre disposition pour tout renseignement <\/p>\n\n\n\n<p><a href=\"mailto:Contact@dodecaphonia.fr\">Contact@dodecaphonia.fr<\/a><\/p>\n\n\n\n<p><\/p>\n","protected":false},"excerpt":{"rendered":"<p>Notre ch\u0153ur accueille en son sein toute personne motiv\u00e9e et d\u00e9sireuse de s\u2019investir dans le chant. La cotisation annuelle est de 160 euros (260 euros pour un couple) Les r\u00e9p\u00e9titions hebdomadaires ont lieu de 20 heures \u00e0 22 heures 30, le jeudi sous la direction de Vincent de Meester.Elles d\u00e9butent par une s\u00e9ance d&rsquo;\u00e9chauffement obligatoire.Il [&hellip;]<\/p>\n","protected":false},"author":2,"featured_media":0,"parent":0,"menu_order":0,"comment_status":"closed","ping_status":"closed","template":"","meta":{"footnotes":""},"class_list":["post-3280","page","type-page","status-publish","hentry"],"jetpack_sharing_enabled":true,"jetpack_shortlink":"https:\/\/wp.me\/P9p1x4-QU","jetpack_likes_enabled":false,"jetpack-related-posts":[{"id":3230,"url":"https:\/\/dodecaphonia.fr\/index.php\/qui-sommes-nous\/","url_meta":{"origin":3280,"position":0},"title":"Qui sommes nous ?","author":"Pierre Brun","date":"24 mars 2026","format":false,"excerpt":"Le Ch\u0153ur Mixte de Dardilly ou Ensemble Dodecaphonia est un ch\u0153ur reconnu, cr\u00e9\u00e9 par Henri Marchand qui l'a dirig\u00e9 pendant de nombreuses ann\u00e9es. Nous sommes sp\u00e9cialis\u00e9s dans la musique ancienne et\u00a0baroque, domaine de pr\u00e9dilection de notre ch\u0153ur, avec quelques incursions plus contemporaines. Notre ch\u0153ur accueille en son sein toute personne\u2026","rel":"","context":"Article similaire","block_context":{"text":"Article similaire","link":""},"img":{"alt_text":"","src":"https:\/\/i0.wp.com\/dodecaphonia.fr\/wp-content\/uploads\/2020\/09\/Vincent-de-Meester.jpg?resize=350%2C200&ssl=1","width":350,"height":200,"srcset":"https:\/\/i0.wp.com\/dodecaphonia.fr\/wp-content\/uploads\/2020\/09\/Vincent-de-Meester.jpg?resize=350%2C200&ssl=1 1x, https:\/\/i0.wp.com\/dodecaphonia.fr\/wp-content\/uploads\/2020\/09\/Vincent-de-Meester.jpg?resize=525%2C300&ssl=1 1.5x, https:\/\/i0.wp.com\/dodecaphonia.fr\/wp-content\/uploads\/2020\/09\/Vincent-de-Meester.jpg?resize=700%2C400&ssl=1 2x"},"classes":[]},{"id":116,"url":"https:\/\/dodecaphonia.fr\/index.php\/le-repertoire\/","url_meta":{"origin":3280,"position":1},"title":"Le r\u00e9pertoire","author":"Pierre Brun","date":"25 juin 2017","format":false,"excerpt":"Vous trouverez ci-dessous l'historique de nos programmes et les affiches de nos concerts pass\u00e9s Nos concerts Mars 2026 - Concert Tzigane Le ch\u0153ur Dodecaphonia vous invite \u00e0 un apr\u00e8s-midi tzigane, autour d\u2019un programme inspir\u00e9 des traditions populaires.Le concert r\u00e9unit des \u0153uvres de Brahms, Jan\u00e1\u010dek et Schumann, dans des pages pour\u2026","rel":"","context":"Article similaire","block_context":{"text":"Article similaire","link":""},"img":{"alt_text":"","src":"https:\/\/i0.wp.com\/dodecaphonia.fr\/wp-content\/uploads\/2025\/03\/image.png?resize=350%2C200&ssl=1","width":350,"height":200,"srcset":"https:\/\/i0.wp.com\/dodecaphonia.fr\/wp-content\/uploads\/2025\/03\/image.png?resize=350%2C200&ssl=1 1x, https:\/\/i0.wp.com\/dodecaphonia.fr\/wp-content\/uploads\/2025\/03\/image.png?resize=525%2C300&ssl=1 1.5x, https:\/\/i0.wp.com\/dodecaphonia.fr\/wp-content\/uploads\/2025\/03\/image.png?resize=700%2C400&ssl=1 2x"},"classes":[]},{"id":133,"url":"https:\/\/dodecaphonia.fr\/","url_meta":{"origin":3280,"position":2},"title":"Ensemble Dodecaphonia","author":"Pierre Brun","date":"25 juin 2017","format":false,"excerpt":"L\u2019ensemble Dodecaphonia est compos\u00e9 de choristes amateurs plac\u00e9s sous la direction de Vincent de Meester depuis janvier 2020. Notre r\u00e9pertoire est principalement baroque (Bach, Haendel, Purcell, Vivaldi, Charpentier, Sch\u00fctzt\u2026), mais nous n\u2019h\u00e9sitons pas faire quelques incursions plus contemporaines (Henri Marchand, Karl Jenkins, Martin Palmeri).Notre programme pour cette nouvelle saison 2025-2026\u2026","rel":"","context":"Article similaire","block_context":{"text":"Article similaire","link":""},"img":{"alt_text":"","src":"https:\/\/i0.wp.com\/dodecaphonia.fr\/wp-content\/uploads\/2026\/01\/HeTzigane.jpg?resize=350%2C200&ssl=1","width":350,"height":200,"srcset":"https:\/\/i0.wp.com\/dodecaphonia.fr\/wp-content\/uploads\/2026\/01\/HeTzigane.jpg?resize=350%2C200&ssl=1 1x, https:\/\/i0.wp.com\/dodecaphonia.fr\/wp-content\/uploads\/2026\/01\/HeTzigane.jpg?resize=525%2C300&ssl=1 1.5x, https:\/\/i0.wp.com\/dodecaphonia.fr\/wp-content\/uploads\/2026\/01\/HeTzigane.jpg?resize=700%2C400&ssl=1 2x, https:\/\/i0.wp.com\/dodecaphonia.fr\/wp-content\/uploads\/2026\/01\/HeTzigane.jpg?resize=1050%2C600&ssl=1 3x"},"classes":[]},{"id":3125,"url":"https:\/\/dodecaphonia.fr\/index.php\/espace-reserve-aux-choristes\/documentation\/tutoriels\/","url_meta":{"origin":3280,"position":3},"title":"Tutoriels","author":"Pierre Brun","date":"24 novembre 2025","format":false,"excerpt":"Pour travailler avec les fichiers MIDI, vous pouvez utiliser Melody Player, logiciel gratuit qui ne fonctionne que sur PC et Mac.Si vous voulez utiliser votre tablette ou votre smartphone, les logiciels gratuits MIDI File Player pour Android ou Sweet MIDI Player pour IOS pr\u00e9sentent les m\u00eames fonctionnalit\u00e9s que Melody Player\u2026","rel":"","context":"Article similaire","block_context":{"text":"Article similaire","link":""},"img":{"alt_text":"","src":"https:\/\/i0.wp.com\/dodecaphonia.fr\/wp-content\/uploads\/2025\/11\/Capture-decran-2025-11-25-093137.png?resize=350%2C200&ssl=1","width":350,"height":200,"srcset":"https:\/\/i0.wp.com\/dodecaphonia.fr\/wp-content\/uploads\/2025\/11\/Capture-decran-2025-11-25-093137.png?resize=350%2C200&ssl=1 1x, https:\/\/i0.wp.com\/dodecaphonia.fr\/wp-content\/uploads\/2025\/11\/Capture-decran-2025-11-25-093137.png?resize=525%2C300&ssl=1 1.5x"},"classes":[]},{"id":453,"url":"https:\/\/dodecaphonia.fr\/index.php\/politique-de-confidentialite\/","url_meta":{"origin":3280,"position":4},"title":"Politique de confidentialit\u00e9 et mentions l\u00e9gales","author":"Pierre Brun","date":"18 novembre 2025","format":false,"excerpt":"Qui sommes-nous\u00a0? Nous sommes le Ch\u0153ur Mixte de Dardilly (Dodecaphonia), association loi de 1901 dont le si\u00e8ge social est sis 1 place Bay\u00e8re \u00e0 Dardilly (69570). Num\u00e9ro immatriculation SIRET\u00a0:522 942 085 00013 Code APE (ou code NAF) 9001\/Z L\u2019adresse de notre site Web est : https:\/\/dodecaphonia.fr Christophe Elyn, Pr\u00e9sident de\u2026","rel":"","context":"Article similaire","block_context":{"text":"Article similaire","link":""},"img":{"alt_text":"","src":"","width":0,"height":0},"classes":[]},{"id":3122,"url":"https:\/\/dodecaphonia.fr\/index.php\/espace-reserve-aux-choristes\/documentation\/concert-charpentier-2025\/","url_meta":{"origin":3280,"position":5},"title":"Concert Charpentier 2025","author":"Pierre Brun","date":"24 novembre 2025","format":false,"excerpt":"Traductions Charpentier Traductions concert 2025T\u00e9l\u00e9charger Le programme du Malade Imaginaire ...avant la censure de Lully Partitions Carissimi et Brossard Jephte - PlorateT\u00e9l\u00e9charger Domine salvum fac regemT\u00e9l\u00e9charger Pourquoi prononcer le latin \u00e0 la fran\u00e7aise ? La r\u00e9ponse la plus simple que l\u2019on puisse donner est que le latin \u00e9tait prononc\u00e9 ainsi\u2026","rel":"","context":"Article similaire","block_context":{"text":"Article similaire","link":""},"img":{"alt_text":"","src":"https:\/\/i0.wp.com\/dodecaphonia.fr\/wp-content\/uploads\/2024\/10\/Gravure-charpentier-scaled.jpg?resize=350%2C200&ssl=1","width":350,"height":200,"srcset":"https:\/\/i0.wp.com\/dodecaphonia.fr\/wp-content\/uploads\/2024\/10\/Gravure-charpentier-scaled.jpg?resize=350%2C200&ssl=1 1x, https:\/\/i0.wp.com\/dodecaphonia.fr\/wp-content\/uploads\/2024\/10\/Gravure-charpentier-scaled.jpg?resize=525%2C300&ssl=1 1.5x, https:\/\/i0.wp.com\/dodecaphonia.fr\/wp-content\/uploads\/2024\/10\/Gravure-charpentier-scaled.jpg?resize=700%2C400&ssl=1 2x, https:\/\/i0.wp.com\/dodecaphonia.fr\/wp-content\/uploads\/2024\/10\/Gravure-charpentier-scaled.jpg?resize=1050%2C600&ssl=1 3x, https:\/\/i0.wp.com\/dodecaphonia.fr\/wp-content\/uploads\/2024\/10\/Gravure-charpentier-scaled.jpg?resize=1400%2C800&ssl=1 4x"},"classes":[]}],"post_mailing_queue_ids":[],"_links":{"self":[{"href":"https:\/\/dodecaphonia.fr\/index.php\/wp-json\/wp\/v2\/pages\/3280","targetHints":{"allow":["GET"]}}],"collection":[{"href":"https:\/\/dodecaphonia.fr\/index.php\/wp-json\/wp\/v2\/pages"}],"about":[{"href":"https:\/\/dodecaphonia.fr\/index.php\/wp-json\/wp\/v2\/types\/page"}],"author":[{"embeddable":true,"href":"https:\/\/dodecaphonia.fr\/index.php\/wp-json\/wp\/v2\/users\/2"}],"replies":[{"embeddable":true,"href":"https:\/\/dodecaphonia.fr\/index.php\/wp-json\/wp\/v2\/comments?post=3280"}],"version-history":[{"count":4,"href":"https:\/\/dodecaphonia.fr\/index.php\/wp-json\/wp\/v2\/pages\/3280\/revisions"}],"predecessor-version":[{"id":3284,"href":"https:\/\/dodecaphonia.fr\/index.php\/wp-json\/wp\/v2\/pages\/3280\/revisions\/3284"}],"wp:attachment":[{"href":"https:\/\/dodecaphonia.fr\/index.php\/wp-json\/wp\/v2\/media?parent=3280"}],"curies":[{"name":"wp","href":"https:\/\/api.w.org\/{rel}","templated":true}]}}