{"id":1911,"date":"2022-05-14T09:45:37","date_gmt":"2022-05-14T07:45:37","guid":{"rendered":"http:\/\/dodecaphonia.fr\/?page_id=1911"},"modified":"2026-03-24T15:05:40","modified_gmt":"2026-03-24T14:05:40","slug":"contact","status":"publish","type":"page","link":"https:\/\/dodecaphonia.fr\/index.php\/contact\/","title":{"rendered":"Contact"},"content":{"rendered":"\n<p>Pour vos questions, commentaires, candidatures&#8230;<\/p>\n\n\n\n<p>contact@dodecaphonia.fr<\/p>\n","protected":false},"excerpt":{"rendered":"<p>Pour vos questions, commentaires, candidatures&#8230; contact@dodecaphonia.fr<\/p>\n","protected":false},"author":1,"featured_media":0,"parent":0,"menu_order":0,"comment_status":"closed","ping_status":"closed","template":"","meta":{"jetpack_post_was_ever_published":false,"footnotes":""},"class_list":["post-1911","page","type-page","status-publish","hentry"],"jetpack_sharing_enabled":true,"jetpack_shortlink":"https:\/\/wp.me\/P9p1x4-uP","jetpack_likes_enabled":false,"jetpack-related-posts":[{"id":3280,"url":"https:\/\/dodecaphonia.fr\/index.php\/rejoindre-le-choeur\/","url_meta":{"origin":1911,"position":0},"title":"Rejoindre le ch\u0153ur","author":"Pierre Brun","date":"27 mars 2026","format":false,"excerpt":"Notre ch\u0153ur accueille en son sein toute personne motiv\u00e9e et d\u00e9sireuse de s\u2019investir dans le chant. La cotisation annuelle est de 160 euros (260 euros pour un couple) Les r\u00e9p\u00e9titions hebdomadaires ont lieu de 20 heures \u00e0 22 heures 30, le jeudi sous la direction de Vincent de Meester.Elles d\u00e9butent\u2026","rel":"","context":"Article similaire","block_context":{"text":"Article similaire","link":""},"img":{"alt_text":"","src":"","width":0,"height":0},"classes":[]},{"id":453,"url":"https:\/\/dodecaphonia.fr\/index.php\/politique-de-confidentialite\/","url_meta":{"origin":1911,"position":1},"title":"Politique de confidentialit\u00e9 et mentions l\u00e9gales","author":"admin3792","date":"18 novembre 2025","format":false,"excerpt":"Qui sommes-nous\u00a0? Nous sommes le Ch\u0153ur Mixte de Dardilly (Dodecaphonia), association loi de 1901 dont le si\u00e8ge social est sis 1 place Bay\u00e8re \u00e0 Dardilly (69570). Num\u00e9ro immatriculation SIRET\u00a0:522 942 085 00013 Code APE (ou code NAF) 9001\/Z L\u2019adresse de notre site Web est : https:\/\/dodecaphonia.fr Christophe Elyn, Pr\u00e9sident de\u2026","rel":"","context":"Article similaire","block_context":{"text":"Article similaire","link":""},"img":{"alt_text":"","src":"","width":0,"height":0},"classes":[]},{"id":3137,"url":"https:\/\/dodecaphonia.fr\/index.php\/espace-reserve-aux-choristes\/documentation\/buxtehude\/","url_meta":{"origin":1911,"position":2},"title":"Buxtehude","author":"Pierre Brun","date":"24 novembre 2025","format":false,"excerpt":"Buxtehude Cantate BuxWV15 Pourquoi les erreurs dans la cantate de\u00a0 Buxtehude sont elles si nombreuses?Parce que le seul manuscrit ressemble \u00e0 \u00e7a!C\u2019est l\u2019\u00e9criture en tablature des luthistes! Partition de la cantate de Buxtehude : http:\/\/dodecaphonia.fr\/wp-content\/uploads\/2021\/09\/Cantate-BuxWV15.pdf","rel":"","context":"Article similaire","block_context":{"text":"Article similaire","link":""},"img":{"alt_text":"","src":"https:\/\/i0.wp.com\/dodecaphonia.fr\/wp-content\/uploads\/2022\/02\/IMSLP387575-PMLP627055-Buxtehude_-_Der_Herr_ist_mit_mir_-_tab_score-2-1.jpg?resize=350%2C200&ssl=1","width":350,"height":200,"srcset":"https:\/\/i0.wp.com\/dodecaphonia.fr\/wp-content\/uploads\/2022\/02\/IMSLP387575-PMLP627055-Buxtehude_-_Der_Herr_ist_mit_mir_-_tab_score-2-1.jpg?resize=350%2C200&ssl=1 1x, https:\/\/i0.wp.com\/dodecaphonia.fr\/wp-content\/uploads\/2022\/02\/IMSLP387575-PMLP627055-Buxtehude_-_Der_Herr_ist_mit_mir_-_tab_score-2-1.jpg?resize=525%2C300&ssl=1 1.5x, https:\/\/i0.wp.com\/dodecaphonia.fr\/wp-content\/uploads\/2022\/02\/IMSLP387575-PMLP627055-Buxtehude_-_Der_Herr_ist_mit_mir_-_tab_score-2-1.jpg?resize=700%2C400&ssl=1 2x, https:\/\/i0.wp.com\/dodecaphonia.fr\/wp-content\/uploads\/2022\/02\/IMSLP387575-PMLP627055-Buxtehude_-_Der_Herr_ist_mit_mir_-_tab_score-2-1.jpg?resize=1050%2C600&ssl=1 3x"},"classes":[]},{"id":3128,"url":"https:\/\/dodecaphonia.fr\/index.php\/espace-reserve-aux-choristes\/documentation\/miserere-de-hasse\/","url_meta":{"origin":1911,"position":3},"title":"Miserere de Hasse","author":"Pierre Brun","date":"24 novembre 2025","format":false,"excerpt":"A propos du Miserere de Hasse Le-Psaume-Miserere-WikisourceT\u00e9l\u00e9charger L'Extase de la bienheureuse Ludovica Albertoni\u00a0est une sculpture de\u00a0Gian Lorenzo Bernini, dit Le Bernin, r\u00e9alis\u00e9e en\u00a01674, conserv\u00e9e dans l'\u00e9glise San Francesco a Ripa, \u00e0\u00a0Rome.","rel":"","context":"Article similaire","block_context":{"text":"Article similaire","link":""},"img":{"alt_text":"","src":"https:\/\/i0.wp.com\/dodecaphonia.fr\/wp-content\/uploads\/2023\/02\/520px-Cappella_palluzzi-albertoni_di_giacomo_mola_1622-25_con_beata_ludovica_alberoni_di_bernini_1671-75_e_pala_del_baciccio_s._anna_e_la_vergine_05-1.jpg?resize=350%2C200&ssl=1","width":350,"height":200},"classes":[]},{"id":133,"url":"https:\/\/dodecaphonia.fr\/","url_meta":{"origin":1911,"position":4},"title":"Ensemble Dodecaphonia","author":"admin3792","date":"25 juin 2017","format":false,"excerpt":"L\u2019ensemble Dodecaphonia est compos\u00e9 de choristes amateurs plac\u00e9s sous la direction de Vincent de Meester depuis janvier 2020. Notre r\u00e9pertoire est principalement baroque (Bach, Haendel, Purcell, Vivaldi, Charpentier, Sch\u00fctzt\u2026), mais nous n\u2019h\u00e9sitons pas faire quelques incursions plus contemporaines (Henri Marchand, Karl Jenkins, Martin Palmeri).Notre programme pour cette nouvelle saison 2025-2026\u2026","rel":"","context":"Article similaire","block_context":{"text":"Article similaire","link":""},"img":{"alt_text":"","src":"https:\/\/i0.wp.com\/dodecaphonia.fr\/wp-content\/uploads\/2026\/01\/HeTzigane.jpg?resize=350%2C200&ssl=1","width":350,"height":200,"srcset":"https:\/\/i0.wp.com\/dodecaphonia.fr\/wp-content\/uploads\/2026\/01\/HeTzigane.jpg?resize=350%2C200&ssl=1 1x, https:\/\/i0.wp.com\/dodecaphonia.fr\/wp-content\/uploads\/2026\/01\/HeTzigane.jpg?resize=525%2C300&ssl=1 1.5x, https:\/\/i0.wp.com\/dodecaphonia.fr\/wp-content\/uploads\/2026\/01\/HeTzigane.jpg?resize=700%2C400&ssl=1 2x, https:\/\/i0.wp.com\/dodecaphonia.fr\/wp-content\/uploads\/2026\/01\/HeTzigane.jpg?resize=1050%2C600&ssl=1 3x"},"classes":[]},{"id":3125,"url":"https:\/\/dodecaphonia.fr\/index.php\/espace-reserve-aux-choristes\/documentation\/tutoriels\/","url_meta":{"origin":1911,"position":5},"title":"Tutoriels","author":"Pierre Brun","date":"24 novembre 2025","format":false,"excerpt":"Pour travailler avec les fichiers MIDI, vous pouvez utiliser Melody Player, logiciel gratuit qui ne fonctionne que sur PC et Mac.Si vous voulez utiliser votre tablette ou votre smartphone, les logiciels gratuits MIDI File Player pour Android ou Sweet MIDI Player pour IOS pr\u00e9sentent les m\u00eames fonctionnalit\u00e9s que Melody Player\u2026","rel":"","context":"Article similaire","block_context":{"text":"Article similaire","link":""},"img":{"alt_text":"","src":"https:\/\/i0.wp.com\/dodecaphonia.fr\/wp-content\/uploads\/2025\/11\/Capture-decran-2025-11-25-093137.png?resize=350%2C200&ssl=1","width":350,"height":200,"srcset":"https:\/\/i0.wp.com\/dodecaphonia.fr\/wp-content\/uploads\/2025\/11\/Capture-decran-2025-11-25-093137.png?resize=350%2C200&ssl=1 1x, https:\/\/i0.wp.com\/dodecaphonia.fr\/wp-content\/uploads\/2025\/11\/Capture-decran-2025-11-25-093137.png?resize=525%2C300&ssl=1 1.5x"},"classes":[]}],"post_mailing_queue_ids":[],"_links":{"self":[{"href":"https:\/\/dodecaphonia.fr\/index.php\/wp-json\/wp\/v2\/pages\/1911","targetHints":{"allow":["GET"]}}],"collection":[{"href":"https:\/\/dodecaphonia.fr\/index.php\/wp-json\/wp\/v2\/pages"}],"about":[{"href":"https:\/\/dodecaphonia.fr\/index.php\/wp-json\/wp\/v2\/types\/page"}],"author":[{"embeddable":true,"href":"https:\/\/dodecaphonia.fr\/index.php\/wp-json\/wp\/v2\/users\/1"}],"replies":[{"embeddable":true,"href":"https:\/\/dodecaphonia.fr\/index.php\/wp-json\/wp\/v2\/comments?post=1911"}],"version-history":[{"count":4,"href":"https:\/\/dodecaphonia.fr\/index.php\/wp-json\/wp\/v2\/pages\/1911\/revisions"}],"predecessor-version":[{"id":3229,"href":"https:\/\/dodecaphonia.fr\/index.php\/wp-json\/wp\/v2\/pages\/1911\/revisions\/3229"}],"wp:attachment":[{"href":"https:\/\/dodecaphonia.fr\/index.php\/wp-json\/wp\/v2\/media?parent=1911"}],"curies":[{"name":"wp","href":"https:\/\/api.w.org\/{rel}","templated":true}]}}